87?
False
Is 1947 a factor of 98351504?
False
Is 196 a factor of 2924320?
True
Does 756 divide 8287670?
False
Does 50 divide 1046180500?
True
Is 2520 a factor of 653518414?
False
Is 1149216 a multiple of 715?
False
Is 61680860 a multiple of 21?
False
Is 445 a factor of 45388545?
False
Is 1345346084 a multiple of 2714?
True
Is 98922041 a multiple of 311?
False
Is 626 a factor of 76110941?
False
Is 306 a factor of 223744140?
True
Is 13 a factor of 249299115?
True
Does 17 divide 12433222?
True
Does 4 divide 14166469?
False
Is 426641309 a multiple of 30?
False
Is 17 a factor of 252188020?
False
Does 6 divide 46210524?
True
Is 152020188 a multiple of 17?
True
Is 21 a factor of 44960225?
False
Does 146 divide 645101808?
False
Is 10 a factor of 368758640?
True
Does 5 divide 1751124?
False
Is 81 a factor of 78002259?
False
Does 91 divide 274703065?
True
Is 25507216 a multiple of 28?
True
Is 15155933 a multiple of 22?
False
Is 1423 a factor of 106710770?
True
Is 2908 a factor of 1013824764?
True
Does 612 divide 15357543?
False
Is 3876 a factor of 2297285820?
True
Is 11454629 a multiple of 39?
False
Is 4147770793 a multiple of 1532?
False
Is 65 a factor of 2466577?
False
Does 156 divide 13933764?
True
Is 13004382 a multiple of 59?
False
Is 24177400 a multiple of 20?
True
Is 1222 a factor of 1154196029?
False
Does 198 divide 138843144?
True
Does 5033 divide 452547228?
True
Is 3074 a factor of 214070286?
True
Is 3523191040 a multiple of 14?
False
Does 73 divide 6790645?
False
Does 1482 divide 728742378?
True
Does 3227 divide 364573552?
True
Is 76480462 a multiple of 85?
False
Is 140950743 a multiple of 2?
False
Is 1512036440 a multiple of 3124?
False
Is 15641912 a multiple of 174?
False
Does 338 divide 57936228?
False
Is 12 a factor of 153260856?
True
Is 2719010 a multiple of 49?
True
Does 4786 divide 1242125275?
False
Does 10 divide 307949018?
False
Is 2455 a factor of 62631960?
True
Is 542 a factor of 268350704?
True
Is 7119964 a multiple of 3?
False
Does 10 divide 180026323?
False
Is 59320547 a multiple of 13?
True
Does 3882 divide 312046806?
True
Is 795 a factor of 141462696?
False
Is 20 a factor of 6372349830?
False
Is 91 a factor of 24438738?
False
Is 3016 a factor of 1061483914?
False
Does 175 divide 96648723?
False
Is 203 a factor of 13594301?
True
Is 409 a factor of 185839565?
False
Does 375 divide 46274797?
False
Is 356406000 a multiple of 100?
True
Does 6207 divide 5828153056?
False
Does 329 divide 5504170?
True
Is 1497 a factor of 129042248?
False
Does 3365 divide 142372829?
False
Does 459 divide 354672513?
True
Is 17105298 a multiple of 78?
False
Is 1085780186 a multiple of 1367?
False
Does 271 divide 2168582?
False
Is 1170 a factor of 3374165?
False
Does 4160 divide 2624064162?
False
Is 9012065 a multiple of 3?
False
Does 25 divide 146374175?
True
Does 23 divide 417117995?
True
Does 140 divide 32145311?
False
Does 39 divide 7690995?
True
Does 1339 divide 247566371?
True
Does 13031 divide 2733245850?
False
Is 223 a factor of 2934699?
False
Does 8 divide 29198425?
False
Is 24 a factor of 4702079093?
False
Is 2249513163 a multiple of 67?
False
Does 692 divide 14179389?
False
Does 455 divide 83337787?
False
Is 4605572768 a multiple of 2776?
True
Is 2929026 a multiple of 538?
False
Is 592 a factor of 34338368?
True
Is 879 a factor of 1708964985?
True
Does 207 divide 3417236?
False
Is 44 a factor of 503186332?
True
Does 49 divide 484839761?
True
Is 163 a factor of 4753163?
False
Is 19 a factor of 9638971707?
False
Does 268 divide 872998476?
True
Is 112 a factor of 4905367?
False
Is 1486 a factor of 1314556149?
False
Does 34 divide 637232076?
False
Is 825 a factor of 2695885500?
True
Does 1930 divide 79517930?
True
Is 254202614 a multiple of 931?
False
Does 213 divide 55157920?
False
Is 55915016 a multiple of 58?
True
Is 415944934 a multiple of 387?
False
Does 39 divide 58469853?
True
Is 78 a factor of 340387477?
False
Is 3381159013 a multiple of 9413?
True
Is 477 a factor of 17856018?
True
Is 7 a factor of 16523336?
False
Is 2308 a factor of 2600203435?
False
Does 608 divide 2530763103?
False
Is 179 a factor of 30503766?
False
Is 51005627 a multiple of 2214?
False
Does 355 divide 115236195?
True
Does 491 divide 4716388?
False
Does 75 divide 63053221?
False
Does 1039 divide 47862513?
False
Is 1548 a factor of 20757132?
True
Is 29084754 a multiple of 6?
True
Does 617 divide 94351640?
True
Does 1448 divide 41033424?
True
Does 384 divide 589098624?
True
Is 59 a factor of 4517653895?
True
Does 356 divide 1368231324?
False
Does 2977 divide 5402665554?
True
Does 2202 divide 618762?
True
Is 1504386848 a multiple of 544?
True
Is 29 a factor of 3991850?
True
Is 27885132 a multiple of 3255?
False
Is 283 a factor of 335324719?
True
Is 22369277 a multiple of 3296?
False
Is 39137225 a multiple of 148?
False
Does 11 divide 2271236?
True
Does 110 divide 2179983?
False
Is 531289780 a multiple of 589?
True
Is 100 a factor of 9281300?
True
Is 565 a factor of 103177475?
True
Is 75473064 a multiple of 3349?
True
Does 2209 divide 25346650?
False
Is 1038 a factor of 70276752?
True
Is 27374829 a multiple of 93?
True
Does 33 divide 64795236?
True
Is 12027231 a multiple of 27?
True
Is 11 a factor of 191115903?
True
Does 532 divide 193551280?
False
Is 143777991 a multiple of 152?
False
Is 8114300 a multiple of 20?
True
Is 3262788 a multiple of 6?
True
Is 6022691781 a multiple of 47?
False
Is 22 a factor of 3536852?
True
Is 11107225 a multiple of 27?
False
Does 1174 divide 159266014?
True
Is 52296541 a multiple of 319?
True
Is 29285368 a multiple of 244?
True
Is 19951207 a multiple of 20?
False
Is 27 a factor of 127662863?
False
Does 106 divide 6296424?
False
Is 12416760 a multiple of 507?
False
Is 140266351 a multiple of 329?
False
Does 12 divide 75823258?
False
Is 17 a factor of 127215012?
True
Does 789 divide 678570771?
True
Is 26 a factor of 292489992?
False
Is 58321079 a multiple of 6?
False
Is 105007116 a multiple of 79?
True
Is 37 a factor of 5507511771?
False
Is 146310991 a multiple of 1861?
False
Does 257 divide 5513437962?
True
Is 11 a factor of 849594195?
False
Is 4 a factor of 28669083?
False
Is 321272982 a multiple of 1560?
False
Is 1124209127 a multiple of 29?
False
Is 117945231 a multiple of 29?
False
Does 9 divide 41093580?
False
Is 36392305 a multiple of 32?
False
Does 128 divide 142185216?
True
Is 11 a factor of 6666368?
False
Does 13 divide 479911874?
True
Does 64 divide 2301222789?
False
Is 65847832 a multiple of 391?
False
Is 255 a factor of 2013913107?
False
Is 43855920 a multiple of 180?
True
Does 13 divide 168695618?
True
Is 26 a factor of 17838626?
True
Does 2754 divide 137172115?
False
Is 578 a factor of 205301442?
False
Is 1510 a factor of 35410831?
False
Is 179 a factor of 14395838?
False
Is 675688672 a multiple of 296?
True
Is 132431915 a multiple of 1711?
False
Is 714 a factor of 334787371?
False
Is 67 a factor of 5865314?
True
Does 3672 divide 458067312?
True
Is 40958234 a multiple of 1327?
False
Is 3730 a factor of 404738570?
True
Does 56 divide 247998280?
False
Is 2229 a factor of 1983504805?
False
Is 344741740 a multiple of 10?
True
Is 7 a factor of 41717008?
False
Is 631 a factor of 737705886?
True
Is 1596661309 a multiple of 354?
False
Does 556 divide 9073730?
False
Is 10388564 a multiple of 948?
False
Is 11784 a factor of 1983148192?
False
Is 41 a factor of 66075863?
False
Does 450 divide 924537594?
False
Is 25 a factor of 25159288?
False
Is 2252387311 a multiple of 296?
False
Does 5000 divide 1072178793?
False
Is 428970595 a multiple of 270?
False
Does 18 divide 45320868?
True
Does 110 divide 783924535?
False
Is 29457878 a multiple of 118?
False
Is 34337348 a multiple of 68?
True
Does 39 divide 24216621?
True
Is 114473229 a multiple of 15?
False
Is 242620321 a multiple of 21?
False
Is 216 a factor of 4307077871?
False
Is 73500420 a multiple of 10?
True
Is 78 a factor of 1061037?
False
Does 75 divide 53500096?
False
Does 657 divide 3355393?
False
Is 1493784718 a multiple of 8?
False
Is 8213975 a multiple of 363?
False
Is 83448478 a multiple of 34?
True
Is 2531534624 a multiple of 32?
True
Does 737 divide 26797478?
False
Is 52422805 a multiple of 1452?
False
Is 17658693 a multiple of 5466?
False
Is 33 a factor of 63412742?
False
Does 